105
Calculate the greatest common factor of 275 and 20.
5
Calculate the greatest common factor of 9 and 54.
9
Calculate the greatest common factor of 81 and 306.
9
Calculate the highest common divisor of 1326 and 102.
102
Calculate the highest common factor of 98 and 28.
14
What is the greatest common factor of 114 and 10526?
38
What is the highest common factor of 2442 and 66?
66
Calculate the highest common factor of 306 and 378.
18
Calculate the highest common divisor of 13 and 39.
13
What is the highest common factor of 64 and 608?
32
What is the highest common factor of 24 and 14496?
24
What is the highest common divisor of 115 and 2300?
115
What is the highest common divisor of 3408 and 21?
3
What is the greatest common factor of 114 and 24?
6
Calculate the highest common divisor of 975 and 39.
39
What is the greatest common factor of 108 and 6912?
108
Calculate the highest common factor of 1615 and 340.
85
Calculate the greatest common divisor of 245 and 4116.
49
Calculate the highest common divisor of 3632 and 64.
16
What is the highest common factor of 11 and 21934?
11
Calculate the greatest common factor of 96 and 5104.
16
Calculate the greatest common factor of 5121 and 9.
9
What is the highest common divisor of 8 and 2?
2
What is the greatest common divisor of 75581 and 11?
11
Calculate the greatest common divisor of 34295 and 95.
95
What is the greatest common factor of 310 and 1060?
10
What is the greatest common factor of 867 and 1037?
17
What is the greatest common divisor of 5890 and 190?
190
What is the greatest common factor of 16 and 32?
16
Calculate the greatest common divisor of 13 and 208.
13
Calculate the greatest common divisor of 976 and 61.
61
What is the greatest common factor of 836 and 44?
44
Calculate the greatest common factor of 57 and 722.
19
Calculate the greatest common divisor of 23 and 667.
23
What is the greatest common factor of 7775 and 25?
25
What is the highest common divisor of 456 and 399?
57
Calculate the highest common divisor of 600 and 960.
120
Calculate the highest common divisor of 25 and 75.
25
What is the greatest common divisor of 62 and 589?
31
Calculate the greatest common divisor of 162 and 1053.
81
What is the greatest common factor of 405 and 330?
15
What is the highest common divisor of 200 and 225?
25
What is the greatest common divisor of 6400 and 240?
80
Calculate the greatest common factor of 50 and 605.
5
What is the greatest common divisor of 8 and 152?
8
What is the highest common factor of 84 and 138?
6
What is the highest common factor of 507 and 65?
13
What is the greatest common factor of 13 and 6994?
13
What is the highest common factor of 42542 and 534?
178
What is the highest common factor of 27 and 321?
3
Calculate the greatest common divisor of 2 and 624.
2
Calculate the greatest common divisor of 39 and 5304.
39
What is the highest common factor of 34 and 17?
17
What is the greatest common divisor of 231 and 189?
21
Calculate the highest common divisor of 48 and 36.
12
Calculate the greatest common factor of 63 and 21.
21
Calculate the highest common factor of 1287 and 1573.
143
Calculate the greatest common factor of 900 and 315.
45
What is the greatest common divisor of 370 and 3182?
74
What is the highest common factor of 165 and 935?
55
Calculate the highest common divisor of 1072 and 704.
16
What is the greatest common divisor of 20 and 80?
20
What is the highest common factor of 46 and 38?
2
What is the greatest common divisor of 10504 and 26?
26
What is the highest common divisor of 3360 and 40?
40
What is the highest common factor of 713 and 62?
31
What is the highest common factor of 192 and 48?
48
What is the highest common divisor of 17 and 255?
17
Calculate the greatest common divisor of 814 and 319.
11
Calculate the highest common divisor of 134 and 8.
2
What is the highest common divisor of 903 and 2064?
129
Calculate the highest common divisor of 18 and 729.
9
Calculate the highest common divisor of 14064 and 48.
48
What is the highest common divisor of 20 and 92?
4
What is the greatest common divisor of 15 and 465?
15
Calculate the highest common divisor of 35 and 455.
35
Calculate the highest common factor of 88 and 1067.
11
What is the greatest common divisor of 19 and 2033?
19
Calculate the greatest common divisor of 1066 and 13.
13
Calculate the highest common factor of 152 and 5092.
76
Calculate the highest common divisor of 30 and 426.
6
What is the greatest common divisor of 255 and 185?
5
What is the greatest common factor of 450 and 530?
10
What is the highest common factor of 225 and 81?
9
Calculate the greatest common factor of 646 and 918.
34
Calculate the greatest common divisor of 2257 and 111.
37
What is the highest common factor of 85 and 34?
17
Calculate the greatest common divisor of 9 and 51.
3
Calculate the greatest common divisor of 37 and 4.
1
What is the greatest common divisor of 12 and 444?
12
What is the greatest common factor of 721 and 103?
103
What is the highest common factor of 45 and 936?
9
Calculate the greatest common divisor of 3534 and 38.
38
Calculate the greatest common factor of 17534 and 22.
22
What is the highest common factor of 42 and 20622?
42
Calculate the highest common divisor of 8 and 44.
4
Calculate the greatest common divisor of 7 and 10675.
7
What is the greatest common factor of 534 and 15753?
267
Calculate the greatest common divisor of 2345 and 14.
7
Calculate the highest common factor of 2790 and 180.
90
Calculate the greatest common factor of 4699 and 74.
37
What is the greatest common factor of 4858 and 112?
14
Calculate the highest common factor of 52 and 468.
52
What is the greatest common factor of 48818 and 28?
14
Calculate the greatest common factor of 72 and 522.
18
What is the highest common divisor of 1782 and 54?
54
What is the highest common factor of 142 and 3763?
71
Calculate the highest common divisor of 10956 and 2324.
332
Calculate the greatest common divisor of 11 and 176.
11
Calculate the highest common factor of 1 and 487.
1
Calculate the highest common factor of 1336 and 835.
167
What is the highest common factor of 108 and 243?
27
What is the highest common factor of 28 and 196?
28
What is the highest common factor of 6 and 282?
6
Calculate the greatest common divisor of 2 and 698.
2
What is the highest common factor of 19 and 1577?
19
Calculate the highest common divisor of 148 and 22.
2
Calculate the highest common divisor of 14 and 406.
14
What is the highest common divisor of 177 and 177?
177
Calculate the highest common factor of 37 and 2775.
37
Calculate the highest common divisor of 264 and 13134.
66
What is the highest common factor of 72 and 84?
12
What is the highest common divisor of 840 and 60?
60
Calculate the highest common factor of 16 and 53552.
16
Calculate the greatest common divisor of 54 and 117.
9
What is the greatest common divisor of 153 and 24?
3
Calculate the greatest common divisor of 190 and 3970.
10
Calculate the greatest common divisor of 615 and 328.
41
Calculate the highest common divisor of 91 and 56.
7
Calculate the highest common divisor of 585 and 210.
15
What is the greatest common factor of 126 and 9282?
42
What is the greatest common divisor of 78 and 52?
26
Calculate the highest common factor of 405 and 105.
15
Calculate the highest common factor of 2532 and 456.
12
What is the greatest common divisor of 1501 and 38?
19
What is the greatest common divisor of 236 and 295?
59
What is the greatest common divisor of 1008 and 63?
63
What is the highest common divisor of 266 and 190?
38
Calculate the highest common factor of 377 and 116.
29
What is the highest common factor of 558 and 234?
18
Calculate the highest common divisor of 186 and 124.
62
Calculate the greatest common divisor of 7991 and 61.
61
What is the greatest common divisor of 7387 and 83?
83
Calculate the greatest common factor of 2904 and 24.
24
What is the highest common factor of 600 and 24?
24
Calculate the highest common divisor of 40 and 5770.
10
What is the greatest common divisor of 549 and 288?
9
What is the highest common factor of 5 and 3205?
5
What is the highest common factor of 56 and 16?
8
Calculate the greatest common divisor of 44 and 682.
22
Calculate the 